ue
Suppose -3*o + p - 2*p - 6 = 0, o = -2*p + 3. Let x be (-3)/((1310/436 + o)*2). Let l = 1690 - x. Is l a prime number?
True
Let j = -254 + 248. Let v(f) = 159*f**2 - 35*f - 15. Is v(j) a composite number?
True
Suppose -4*t = 212*v - 216*v + 411832, -t = -5*v + 514770. Is v a composite number?
False
Let n(v) = 11*v + 108. Let q be n(-6). Is (35931/q)/(1/2) composite?
True
Let w = 267 - 186. Suppose 2*b - 4 = -0*b. Suppose -w = -p + b*k, -5*p = -3*p + 4*k - 146. Is p a composite number?
True
Suppose 313 = -2*p + 319. Suppose -p*f = 4*y - 15155, -4*y = f - 2*y - 5051. Is f a prime number?
False
Let b(k) = -4*k**3 + 13*k**2 - 28*k + 5. Let m(f) = -7*f**3 + 26*f**2 - 58*f + 10. Let r(v) = 5*b(v) - 3*m(v). Is r(11) a prime number?
True
Suppose -4*d + 2813966 = -5*v, 82*v - 703487 = -d + 81*v. Is d prime?
True
Let j(p) = 163*p**2 - 1 + 43*p**2 - 6*p + 375*p**2. Let z be j(2). Let g = z + -1620. Is g prime?
True
Let y be (-5 + 4 - 4)/1. Let d be 52657/(-8) - (0 + y/40). Is d/18*(-12)/4 a prime number?
True
Suppose 318276 = -3365*y + 3372*y + 100919. Is y composite?
False
Let w(b) = b**2 + b + 4. Let y be w(3). Let k(d) = 120*d + 39. Let l be k(y). Is l*(-4)/(-25 - -1)*2 prime?
True
Is -2 + 2 + 253895 - 37/(740/(-120)) a composite number?
False
Suppose 4*q + 208 = -12*q. Let h(w) = -2*w**3 - 5*w**2 + 9*w + 1. Is h(q) a prime number?
True
Let q(a) = -22912*a - 32. Let f(d) = -7637*d - 11. Let o(g) = 8*f(g) - 3*q(g). Let k be o(7). Is (-6)/4*(k/(-12))/2 composite?
False
Let d = -1305 - -2310. Suppose -5*p + 0 = -d. Suppose f - p = -0*f. Is f a prime number?
False
Suppose -4*a - 4*h - 117 = 31, -4*h - 34 = a. Is (-4)/a - ((-831800)/190 - -11) a composite number?
True
Let w = 73838 - 7847. Is w a prime number?
False
Suppose 2027158 = 11*a + 551277. Is a composite?
False
Let b(v) = v**3 - 7*v**2 - 21*v + 28. Let h be b(9). Is (-3 - (-7 + 0) - -1324) + h prime?
False
Let b be -6 + (3 - 0) + 1451. Suppose 5*o - b = 4847. Is o a composite number?
False
Let i(v) = 25*v**2 - 25*v - 13. Let j be (-11)/(3/(-2)*(-2)/3). Is i(j) prime?
False
Let y(s) = -7274*s**3 + 13*s**2 + 45*s - 11. Is y(-4) prime?
False
Let a(j) = 38*j**2 - 7*j - 344. Is a(-15) composite?
False
Let v = 129861 + -72946. Is v prime?
False
Suppose 4*c - 1160654 = -5*d, -285*c - 290163 = -286*c - d. Is c prime?
True
Let o(c) = -28*c**3 - 21 - 21*c**2 + 27*c**3 + 0*c**2 - c. Let j be o(-21). Suppose 11*a + j*a - 14861 = 0. Is a prime?
False
Suppose 33*n - 34132928 = -14*n - 17*n. Is n a prime number?
True
Suppose a = 5*x - a - 75, -a - 18 = -x. Let m(p) = -16*p - 1 + 6*p - 10*p**3 + x*p - 4*p**2. Is m(-4) a prime number?
True
Suppose -3*d + 65436 = -105597. Is d a composite number?
True
Let z = 222 - 417. Let x be 2955/z - -2*2/26. Is (x/(-10))/(4/20024*3) prime?
True
Suppose -3*v + 238 = -5*q, 5*q + 5*v + 233 = 3*v. Let y = 42 + q. Let o(l) = 15*l**2 + 6*l - 8. Is o(y) prime?
True
Suppose 2*t + 2695 = 689. Suppose 4*y - 84 = -28. Is -1 - (-10)/y - t/7 a composite number?
True
Let w(c) = c**3 + c**2 - 2*c + 1. Let u be w(1). Let n be 5*(-636)/10*u. Is (-4)/(-3)*n/(-8) composite?
False
Let v be -2 + -637 + (-4)/2. Let z be (-2 - 12/(-8))*(2 + -6*253). Let i = z - v. Is i a composite number?
False
Let p = 59 - 65. Let t be (p/(-5))/(69/34730). Let b = t + -311. Is b a composite number?
False
Let d = 9 + -8. Let g be ((-3)/(9 - 6))/(d/(-713)). Suppose x - g = 2*s, s + 1411 = 2*x - 0*s. Is x a prime number?
False
Let r(f) = 23*f**3 + 16*f**2 - 75*f - 21. Is r(14) a prime number?
False
Let b(x) = 2*x**2 + x - 73. Let w be b(6). Suppose -5*q + 23312 = 5*k - 12893, 36165 = 5*k - w*q. Is k a composite number?
False
Suppose -4*h + a = -11700, h - 1456 = -4*a + 1503. Is h prime?
True
Let o(v) = 2*v**2 - 19*v + 58. Let x(h) = 6*h**2 - 56*h + 172. Let z(l) = 7*o(l) - 2*x(l). Is z(25) composite?
False
Let u(v) = 10271*v**2 + 21*v - 54. Let x be u(4). Suppose -10*g + x = -52104. Is g composite?
False
Let u be 2/4*(-84258)/(-3). Let l = 21074 - u. Is l a prime number?
False
Let d(y) = 344 - y + 274 + 2*y**2 - 4*y**2 + 879. Is d(0) composite?
True
Suppose 231*t - 773757 = 222*t. Is t a composite number?
True
Suppose o = -3*i + 4328, 4*o - 6*o - 5*i + 8653 = 0. Let y = o + -2334. Is y a composite number?
True
Suppose -2*u - 454563 = 6*u - 1734139. Is u prime?
False
Is (-3)/(10 + (-298736009)/29873597) prime?
True
Suppose 3*v + 8*c - 40896 = 11*c, -2*c = -6. Suppose 0 = -t - 4 - 1, 5*t - v = -4*q. Is q composite?
True
Let t = 66 - 65. Let z(a) = 3455*a - 2. Let u be z(t). Is u/(-12)*(-8 - -4) a composite number?
False
Let t = -138 - -141. Suppose -t*n + 5742 = 2*l, n + 11438 = 3*l + 2836. Suppose -s - 3*s = -l. Is s composite?
True
Suppose 0 = 21*z - 10522 - 2245655. Is z a prime number?
False
Let r(s) = -8*s**2 + s + 1. Let y be r(1). Let p be (37*(3 - 2))/((-3)/y). Suppose -2*k + 0*k = -p. Is k a composite number?
False
Let p be 94 + -1 + 3*(4 - 5). Let u = 350 - p. Let d = u + -13. Is d a prime number?
False
Suppose -32 = -4*x + 5*u, x - 4*x + 24 = 3*u. Let d = x + -8. Suppose 4*r - t - t - 5028 = d, -4*t + 16 = 0. Is r composite?
False
Let a(h) = 440*h**2 - h + 25. Let s be a(5). Suppose 3*y + 4*f = s + 16249, 3*y + f - 27272 = 0. Is y a prime number?
True
Let g(x) = -x**3 - 14*x**2 + 5*x + 72. Let k be g(-14). Suppose 4*q - 8*q - 1398 = -k*o, -3489 = -5*o + 4*q. Is o composite?
True
Let v(a) = 9723*a - 1088. Is v(13) a prime number?
True
Suppose j + 402 = 124. Let m = j + 1746. Let n = m + 661. Is n composite?
False
Suppose 13*o - 14*o = 2*v - 48641, -2*v + 10 = 0. Is o composite?
True
Suppose -103*o - 59*o + 10361728 + 2004218 = 0. Is o a composite number?
False
Suppose 2*r + 2 = r - 5*n, 3*r - 7 = -2*n. Suppose 0 = -5*q - r*o + 7002, 3*q - 8*q = -4*o - 6974. Suppose q = 7*s - s. Is s a prime number?
True
Suppose -288*w - 147270939 + 550655547 = 0. Is w composite?
True
Let n be -5*(-1*(-6)/15 + -1). Suppose 4*o + 6*w - n*w = 23, -24 = -5*o + w. Suppose -b = -3*s - 5*b + 417, 3*s - 417 = o*b. Is s prime?
True
Let o = -71 + 553. Let w(a) = -a**3 - 14*a**2 + 21*a + 21. Let b be w(-14). Let m = o + b. Is m a composite number?
True
Let c(f) = 424*f**3 + 41*f**2 - 284*f - 23. Is c(10) a composite number?
False
Suppose 8591*g - 156135 + 40883 = 8587*g. Is g a composite number?
False
Suppose -2367719 = -15*p + 679036. Is p a prime number?
True
Let h be 846 + (3 - 5) + 4. Let p = h + -1261. Let g = p + 666. Is g prime?
False
Suppose 5*q - 94664 = -3*d + 70076, -2*q - 2*d + 65892 = 0. Is q a composite number?
True
Let c(g) be the third derivative of g**5/60 - g**4/8 - 3*g**3/2 - g**2 - 21. Suppose 2*w - 7*w - 110 = 0. Is c(w) a prime number?
True
Suppose -29*o + 149316 = -139727. Is o prime?
True
Let k(z) = -2*z**3 + 12*z**2 + z - 3. Let u be k(6). Suppose -6*q + 11003 = u*d - 5*q, 4*d = -4*q + 14660. Is d a prime number?
False
Suppose 0 = -11*d + 15*d + 25*d - 145. Let m(v) = 1580*v + 7. Let g be m(5). Suppose -4*l - d*u + g = -0*l, 0 = 4*l - u - 7889. Is l a prime number?
True
Suppose 0 = -3*p + 6*p + 15, -858 = -q - 4*p. Suppose 4*k - k - 27 = 0. Suppose -7*o + k*o = q. Is o prime?
True
Suppose -21 = -4*p - d, -12 = -2*p - 2*d - 0. Suppose -5*l - 3*o = -20, -7*l + o = -2*l - 20. Suppose 0 = n + 2*n + l*r - 2303, p*r = -2*n + 1533. Is n prime?
True
Suppose -2 = -3*u + 13. Suppose -3*o + 8*f = u*f - 3198, 2*o = f + 2136. Suppose 354 - o = -4*b. Is b a composite number?
False
Suppose 12 = -4*z, 3*p - z - 11 = p. Suppose -5*x + 3*j + 73501 = 0, -23*x + 28*x - 73503 = p*j. Is x composite?
False
Suppose 0 = v + 7 - 3, -3*q - 839 = -v. Suppose -4*k + 1224 = -2080. Let h = q + k. Is h composite?
True
Let l = 97275 - 39544. Is l prime?
True
Let z(i) = -i**2 + 4. Let b be z(2). Let k be ((-1 + b/1)*0)/1. Suppose -4*m + 1042 = 2*t - k*m, -t + 521 = 3*m. Is t a composite number?
False
Let n = 130048 + -35627. Is n a composite number?
False
Suppose 5*d - 107340 = -5*f, 19356 + 45040 = 3*f - 5*d. Is f prime?
True
Let o = 62 - 55. Let q be 16/4 + -1 + o*80. Is -4 + (q - (-3 + -1)) prime?
True
Let u(h) = 964*h**2 + 67*h - 365. Is u(8) a prime number?
False
Let c be (13/26)/((-2)/(-5448)). Suppose 5*a + 1 + c = 4*v, -v = -2*a - 343. Let k = v + -30. Is k composite?
False
Let z be 9818/4 + (-3)/(-6) - 0. Let a = z - -1056. Is a 